lculate the remainder when 116 is divided by 5.
1
What is the remainder when 1534 is divided by 761?
12
What is the remainder when 650 is divided by 316?
18
What is the remainder when 120 is divided by 120?
0
Calculate the remainder when 72 is divided by 15.
12
Calculate the remainder when 117 is divided by 5.
2
What is the remainder when 78 is divided by 14?
8
What is the remainder when 835 is divided by 45?
25
Calculate the remainder when 717 is divided by 18.
15
Calculate the remainder when 2808 is divided by 40.
8
What is the remainder when 987 is divided by 151?
81
What is the remainder when 1753 is divided by 39?
37
Calculate the remainder when 104 is divided by 28.
20
Calculate the remainder when 1741 is divided by 97.
92
What is the remainder when 346 is divided by 11?
5
Calculate the remainder when 2399 is divided by 11.
1
What is the remainder when 271 is divided by 3?
1
What is the remainder when 58 is divided by 34?
24
Calculate the remainder when 576 is divided by 34.
32
What is the remainder when 2442 is divided by 72?
66
Calculate the remainder when 4001 is divided by 7.
4
Calculate the remainder when 157 is divided by 42.
31
Calculate the remainder when 60 is divided by 14.
4
Calculate the remainder when 2639 is divided by 63.
56
Calculate the remainder when 178 is divided by 100.
78
Calculate the remainder when 64 is divided by 11.
9
Calculate the remainder when 137 is divided by 32.
9
Calculate the remainder when 282 is divided by 15.
12
Calculate the remainder when 42 is divided by 11.
9
What is the remainder when 1789 is divided by 257?
247
What is the remainder when 301 is divided by 32?
13
What is the remainder when 13357 is divided by 61?
59
Calculate the remainder when 826 is divided by 37.
12
What is the remainder when 68 is divided by 25?
18
What is the remainder when 3516 is divided by 1168?
12
Calculate the remainder when 8899 is divided by 42.
37
What is the remainder when 160 is divided by 64?
32
Calculate the remainder when 201 is divided by 43.
29
What is the remainder when 104 is divided by 10?
4
Calculate the remainder when 798 is divided by 40.
38
What is the remainder when 199 is divided by 33?
1
Calculate the remainder when 2213 is divided by 8.
5
Calculate the remainder when 190 is divided by 16.
14
What is the remainder when 370 is divided by 34?
30
Calculate the remainder when 362 is divided by 81.
38
Calculate the remainder when 125 is divided by 15.
5
Calculate the remainder when 4454 is divided by 45.
44
Calculate the remainder when 224 is divided by 96.
32
Calculate the remainder when 73 is divided by 19.
16
Calculate the remainder when 19 is divided by 12.
7
Calculate the remainder when 19430 is divided by 127.
126
What is the remainder when 138 is divided by 20?
18
Calculate the remainder when 2285 is divided by 324.
17
What is the remainder when 233 is divided by 5?
3
Calculate the remainder when 140 is divided by 4.
0
Calculate the remainder when 387 is divided by 100.
87
What is the remainder when 1664 is divided by 28?
12
Calculate the remainder when 5281 is divided by 24.
1
Calculate the remainder when 160 is divided by 138.
22
What is the remainder when 405 is divided by 8?
5
Calculate the remainder when 766 is divided by 32.
30
Calculate the remainder when 426 is divided by 422.
4
Calculate the remainder when 974 is divided by 434.
106
What is the remainder when 3349 is divided by 10?
9
Calculate the remainder when 5112 is divided by 15.
12
What is the remainder when 251 is divided by 36?
35
What is the remainder when 1373 is divided by 1362?
11
Calculate the remainder when 2659 is divided by 442.
7
What is the remainder when 564 is divided by 27?
24
Calculate the remainder when 4 is divided by 4.
0
What is the remainder when 99 is divided by 20?
19
Calculate the remainder when 386 is divided by 107.
65
What is the remainder when 8295 is divided by 23?
15
What is the remainder when 6753 is divided by 147?
138
Calculate the remainder when 135 is divided by 6.
3
What is the remainder when 950 is divided by 101?
41
Calculate the remainder when 4285 is divided by 286.
281
Calculate the remainder when 1174 is divided by 47.
46
What is the remainder when 611 is divided by 18?
17
What is the remainder when 144 is divided by 30?
24
What is the remainder when 1080 is divided by 89?
12
Calculate the remainder when 693 is divided by 29.
26
Calculate the remainder when 164 is divided by 65.
34
Calculate the remainder when 61 is divided by 28.
5
What is the remainder when 294 is divided by 60?
54
What is the remainder when 246 is divided by 56?
22
What is the remainder when 2429 is divided by 13?
11
What is the remainder when 767 is divided by 22?
19
Calculate the remainder when 420 is divided by 107.
99
Calculate the remainder when 54 is divided by 5.
4
What is the remainder when 12114 is divided by 45?
9
What is the remainder when 3113 is divided by 89?
87
Calculate the remainder when 1699 is divided by 81.
79
Calculate the remainder when 3 is divided by 2.
1
Calculate the remainder when 5 is divided by 3.
2
Calculate the remainder when 452 is divided by 35.
32
What is the remainder when 699 is divided by 20?
19
Calculate the remainder when 6857 is divided by 47.
42
What is the remainder when 62 is divided by 20?
2
What is the remainder when 87 is divided by 19?
11
What is the remainder when 5016 is divided by 21?
18
What is the remainder when 913 is divided by 227?
5
What is the remainder when 32658 is divided by 71?
69
What is the remainder when 441 is divided by 26?
25
Calculate the remainder when 1721 is divided by 858.
5
Calculate the remainder when 2001 is divided by 16.
1
What is the remainder when 26 is divided by 4?
2
Calculate the remainder when 1904 is divided by 3.
2
Calculate the remainder when 12679 is divided by 282.
271
Calculate the remainder when 32 is divided by 9.
5
Calculate the remainder when 511 is divided by 146.
73
What is the remainder when 437 is divided by 145?
2
What is the remainder when 489 is divided by 70?
69
What is the remainder when 1247 is divided by 71?
40
What is the remainder when 383 is divided by 48?
47
Calculate the remainder when 103 is divided by 32.
7
Calculate the remainder when 622 is divided by 12.
10
What is the remainder when 52 is divided by 30?
22
Calculate the remainder when 179 is divided by 12.
11
What is the remainder when 70 is divided by 1?
0
Calculate the remainder when 539 is divided by 45.
44
Calculate the remainder when 322 is divided by 309.
13
What is the remainder when 2604 is divided by 13?
4
What is the remainder when 973 is divided by 466?
41
Calculate the remainder when 161 is divided by 152.
9
Calculate the remainder when 23 is divided by 6.
5
Calculate the remainder when 421 is divided by 25.
21
What is the remainder when 32 is divided by 17?
15
Calculate the remainder when 1558 is divided by 388.
6
What is the remainder when 104 is divided by 4?
0
What is the remainder when 992 is divided by 71?
69
Calculate the remainder when 244 is divided by 237.
7
Calculate the remainder when 1132 is divided by 5.
2
What is the remainder when 3501 is divided by 219?
216
Calculate the remainder when 45 is divided by 23.
22
What is the remainder when 13 is divided by 7?
6
What is the remainder when 558 is divided by 56?
54
Calculate the remainder when 474 is divided by 241.
233
What is the remainder when 146 is divided by 39?
29
What is the remainder when 23 is divided by 9?
5
What is the remainder when 792 is divided by 379?
34
What is the remainder when 44 is divided by 38?
6
What is the remainder when 152 is divided by 87?
65
What is the remainder when 2816 is divided by 24?
8
Calculate the remainder when 738 is divided by 699.
39
What is the remainder when 187 is divided by 5?
2
Calculate the remainder when 1168 is divided by 21.
13
Calculate the remainder when 1254 is divided by 17.
13
What is the remainder when 138 is divided by 28?
26
What is the remainder when 84 is divided by 20?
4
Calculate the remainder when 24 is divided by 19.
5
Calculate the remainder when 1246 is divided by 48.
46
What is the remainder when 2714 is divided by 19?
16
What is the remainder when 130 is divided by 130?
0
What is the remainder when 125 is divided 